 + 13. Let m be h(-10). Suppose m*v = -0*v + 18. Let a(t) = t + 1. List the prime factors of a(v).
7
Let x = 2131 - 1619. What are the prime factors of x?
2
Let x be (-4 - 4)/2*-2. Let h = 29 + -85. What are the prime factors of h*(-4 - (-26)/x)?
2, 3, 7
Suppose 0*o - 42 = -7*o. Let f be 35 + 2/(-4)*o. What are the prime factors of -21*(f/(-3))/4?
2, 7
Let u = 1662 + -1122. Let g be (-2)/(3*(-8)/u). What are the prime factors of ((-84)/(-10))/(18/g)?
3, 7
Let o = 1 - -3. Let k(b) = 2*b - 2. Let v be k(o). Suppose -5*z + v*z - 34 = 2*u, -3*z + 47 = 5*u. List the prime factors of z.
2, 3
Suppose 3*s = 2*s + 5*i - 16, -3*s - 2*i = -20. Suppose -s*q - 168 = -436. List the prime factors of q.
67
Let x = -1616 - -2728. What are the prime factors of x?
2, 139
List the prime factors of 50/3*(7 + -1).
2, 5
Let p = 7 + -6. What are the prime factors of (-30)/(-18)*(1 + 106 + p)?
2, 3, 5
List the prime factors of (-1 - 20/(-8))*(-1184)/(-48).
37
Let q(c) = c**2 - 8*c + 3. Let o be q(8). Suppose -4*l + 144 = 2*a, 5*a - 82 = 4*a + o*l. List the prime factors of a.
2, 19
Let j = -74 - -74. Suppose 0*h = -3*u - 2*h + 371, h + 5 = j. What are the prime factors of u?
127
Let b(w) = w**2 + w - 1. Let f(m) = 3*m**2 + 3*m - 9. Let s(x) = -2*b(x) + f(x). What are the prime factors of s(-10)?
83
Suppose -1262 = -6*b + 1762. Suppose n = -7*n + b. What are the prime factors of n?
3, 7
Suppose -5*a + 4*f + 193 = 0, -a - 144 = -5*a - 2*f. Suppose -i = 2, -2*n + a = n - 2*i. Suppose -5 - n = -4*w. List the prime factors of w.
2
Let n(o) = 4*o - 2. Let r(l) = 23*l - 12. Let q(g) = 34*n(g) - 6*r(g). What are the prime factors of q(-8)?
2, 5
Let y(h) = 22*h - 41. Let c(p) = -24*p + 42. Let u(w) = -2*c(w) - 3*y(w). List the prime factors of u(-13).
3, 7, 13
Let b(p) be the first derivative of -p**4/2 - 5*p**3/3 - p - 4. Let t be b(-4). Let h = -31 + t. What are the prime factors of h?
2
List the prime factors of 2018 - ((-27)/(-21) + 4/(-14)).
2017
Suppose 4*g = 12, -5*g - 2 + 86 = 3*l. Let p = 241 + l. What are the prime factors of p?
2, 3, 11
Let y be (-2)/6 - (-20)/6. Suppose y*c - c = 6. Suppose c - 32 = -h. What are the prime factors of h?
29
Let c(m) = m - 7. Let s be c(-4). Let v = s + 60. What are the prime factors of v?
7
Let g(f) = -6*f**3 - f**2 + 1. Suppose 11 = t + 4*t - 3*k, 4*k + 5 = -3*t. Let u be g(t). What are the prime factors of (-1)/u + 191/6?
2
Let q = -11 + 11. Suppose q*k = 4*k - 240. What are the prime factors of k?
2, 3, 5
Let q = 62 + 234. Suppose -r = 3*r + q. List the prime factors of (0 - r)/(-8 - -9).
2, 37
Let o(j) = 89*j + 1. What are the prime factors of o(3)?
2, 67
Let o = -1627 - -2444. List the prime factors of o.
19, 43
List the prime factors of -3 + 6/(9*(-8)/(-25812)).
2, 3, 179
Suppose q = -6*v + 12721, -v - 4*v = 4*q - 10585. What are the prime factors of v?
3, 7, 101
Suppose 0 = 5*o - 1297 - 1633. List the prime factors of o.
2, 293
Let u be 2/(2 - (-84)/(-39)). Let l = u - -13. Suppose l = -5*h - 64 + 299. List the prime factors of h.
47
Let m be (-1)/2*140/(-10). Suppose -5*b - 2*j = -b - 14, 2*j + m = 3*b. What are the prime factors of (b/(-9) - -2)*6?
2, 5
Let r(b) = -b + 9. Let s be (-2 - 0)/(8/(-20)). Suppose 15 = -s*j + 3*n + 40, 5*j - 4*n = 25. List the prime factors of r(j).
2
Suppose 350*n + 88500 = 400*n. List the prime factors of n.
2, 3, 5, 59
Let s(i) = -9*i**2 + 28*i - 4. Let n(m) = -5*m**2 + 14*m - 2. Let b(t) = 11*n(t) - 6*s(t). Let v be (0 - -4)*1 - 17. What are the prime factors of b(v)?
3, 5
Let t be (-5 - -8)*(-40)/6. Let k be t/(2 + (-96)/52). Let b = -67 - k. What are the prime factors of b?
3, 7
Let g(f) = f**2 - 5*f - 167. What are the prime factors of g(-14)?
3, 11
Suppose -3*p - o + 481 + 114 = 0, 2*o + 196 = p. List the prime factors of p.
2, 3, 11
Let f(y) = -4*y - 17. Let j(g) = 11*g + 51. Let o(w) = 8*f(w) + 3*j(w). Let x be o(-13). Suppose -a - x*a = -70. What are the prime factors of a?
2, 7
Let m(f) = 2*f**2 + 5*f + 2. Let t(j) = j**2 + 4*j - 1. Let b be t(-5). Suppose 0 = -2*l + 8, 8 = d + d + b*l. List the prime factors of m(d).
2, 7
Let u = 1730 + 143. What are the prime factors of u?
1873
Suppose -b + 1462 = -j, -b + 5847 = 3*b - 3*j. List the prime factors of b.
3, 487
Suppose 0 = -5*b - 491 - 19. Let f = b - -184. List the prime factors of f.
2, 41
What are the prime factors of -10 + 3 + 453 - 7?
439
Let s(k) = k + 121. What are the prime factors of s(47)?
2, 3, 7
Suppose 7*u - 78 - 286 = 0. List the prime factors of u.
2, 13
Let k = 668 - 138. What are the prime factors of k?
2, 5, 53
Suppose -11*l = -9*l - h - 3055, -5*l = -4*h - 7633. What are the prime factors of l?
11, 139
Let j(f) = 2*f**3 + 2*f**2 - 6*f + 3. List the prime factors of j(7).
5, 149
Suppose 4*v - 1468 = 2*n, 3*n - n = 5*v - 1837. What are the prime factors of v?
3, 41
Let y(b) = b**3 + b. Let z be 9/(-3 + 0 + 2). Let v = z - -11. List the prime factors of y(v).
2, 5
Let b be 354/(-30) + 1/(-5). Let l(f) = f**3 + 12*f**2 - 4*f + 5. List the prime factors of l(b).
53
Let k = -140 - -272. Suppose -2*d = -5*m - 54, -m + 60 = 4*d - 4. Suppose 0 = -5*z - d + k. List the prime factors of z.
23
Let o be (-44)/(-6) + -6*7/126. Suppose 2*q + 6 = 2. Let x = q + o. List the prime factors of x.
5
Suppose 2*r = -a - 2, -2*a - a + 3*r = -3. Suppose a = -8*z + 13*z - 260. List the prime factors of z.
2, 13
Let v be (0/(-1) - 3)*(-10)/6. Suppose -4*j + 257 - 751 = -v*z, -5*z + j = -491. List the prime factors of z.
2, 7
Let v(d) = d - 10. Let j be v(10). Suppose j = -k + 5*k - 76. List the prime factors of k.
19
Suppose -2*u + 0*j - 6 = -2*j, 5*j = 2*u + 21. Let n be 1/(-2) - 10/(-20). Suppose 12 = u*d - n*d. List the prime factors of d.
2, 3
Let c(f) = 4*f**2 + 3*f + 8. Suppose 0*a + 3*a + 15 = 0. What are the prime factors of c(a)?
3, 31
Suppose -2*h - 296 + 1634 = 0. List the prime factors of h.
3, 223
Let j(f) = f**2 - 10*f - 11. Let i be j(11). Suppose i = 4*a - a - 126. Let w = a - 22. List the prime factors of w.
2, 5
Let a(t) be the third derivative of t**6/120 - t**5/10 + t**4/24 + 5*t**3/6 + 3*t**2. Suppose 0 = -3*u + 6*u - 18. What are the prime factors of a(u)?
11
Suppose 4*x = 5*x - 3*r + 136, r = 5*x + 610. Let g = x + 223. What are the prime factors of g?
2, 3, 17
Let u = -1401 + 1414. What are the prime factors of u?
13
Let r = -1544 - -3507. What are the prime factors of r?
13, 151
Let c(z) = 3*z + 0*z - 5*z + 5*z + 26. What are the prime factors of c(0)?
2, 13
Let x be (4 + -16)/((-3)/30). List the prime factors of (9/(-2))/((-5)/x).
2, 3
Let c = 158 + -63. Suppose c = 2*u + 3*u. Let y = u - -11. List the prime factors of y.
2, 3, 5
Suppose 0 = -28*k - 3026 + 71066. What are the prime factors of k?
2, 3, 5
Let s(w) = -4*w + 36. Let i be s(16). Let m = 30 + i. Suppose -6 = h + h, d = m*h + 15. List the prime factors of d.
3
Suppose 56 = -2*o - 0*o. Suppose 0 = -u, 3*r + u + 4 - 1 = 0. What are the prime factors of r/1 - (4 + o)?
23
Let v be -3*(4 - (-17)/(-3)). Let i = v - -3. List the prime factors of i.
2
Let s = 532 + -9. What are the prime factors of s?
523
Let s(y) = 7*y + 4. Let j be -5*((-44)/20 + -4). Let l = j + -25. What are the prime factors of s(l)?
2, 23
Suppose 2*w + n + n + 2 = 0, 0 = -3*w - 2*n - 1. Suppose 3*o + 5*g - 272 = 0, w + 24 = -5*g. What are the prime factors of o?
3, 11
Suppose 2*h + 6 = 0, -5*x + 165 = 4*h + h. Let n = x + 47. List the prime factors of n.
83
Let x = 8849 - 4930. List the prime factors of x.
3919
Let s = 170 + 1540. List the prime factors of s.
2, 3, 5, 19
Suppose 2450 + 2570 = 10*q. What are the prime factors of q?
2, 251
Suppose 5*x = 2*t + 7911, -4*t = 3*x - t - 4755. What are the prime factors of x?
1583
Let a(i) = -23*i**2 - i + 2. Let q be (-3)/6*(-5 - -3). Let d be a(q). Let c = d - -28. List the prime factors of c.
2, 3
Let h(u) = 36*u - 13. Let w be h(15). Let j = w + -281. List the prime factors of j.
2, 3, 41
Suppose 8*r - 4842 = 3934. List the prime factors of r.
1097
Suppose 3*a = 10*c - 6*c - 4677, 3*a - 15 = 0. List the prime factors of c.
3, 17, 23
Let z = 44 + 40. Suppose -6*o = -24 - z. List the prime factors of o.
2, 3
Let a(x) = -x**3 + 2*x**2 - 3*x - 4. Let q(y) = y**3 - 4*y**2 + 6*y + 8. Let t(g) = 5*a(g) + 3*q(g). What are the prime factors of t(-3)?
